{"id":77,"date":"2024-07-16T12:33:13","date_gmt":"2024-07-16T10:33:13","guid":{"rendered":"http:\/\/pokoj.uksw.edu.pl\/?page_id=77"},"modified":"2024-07-18T16:29:24","modified_gmt":"2024-07-18T14:29:24","slug":"komitet-naukowy","status":"publish","type":"page","link":"https:\/\/pokoj.uksw.edu.pl\/?page_id=77","title":{"rendered":"Komitet naukowy"},"content":{"rendered":"\n<figure class=\"wp-block-table\"><table class=\"has-fixed-layout\"><tbody><tr><td><a>ks. prof. zw. dr hab. <strong>Jaros\u0142aw MICHALSKI<\/strong><\/a><\/td><td>Uniwersytet Kardyna\u0142a Stefana Wyszy\u0144skiego Akademia Mazowiecka w P\u0142ocku <br><strong>Przewodnicz\u0105cy Komitetu Naukowego<\/strong><\/td><\/tr><tr><td>ks. prof. zw. dr hab. <strong>Stanis\u0142aw DZIEKO\u0143SKI<\/strong><\/td><td>Uniwersytet Kardyna\u0142a Stefana Wyszy\u0144skiego<\/td><\/tr><tr><td>prof. zw. dr hab. <strong>Andrzej BA\u0141ANDYNOWICZ<\/strong><\/td><td>Pa\u0144stwowa Uczelnia Zawodowa im. prof. St. Tarnowskiego w Tarnobrzegu<\/td><\/tr><tr><td>prof. Dr <strong>Ulrich BARTOSCH<\/strong><\/td><td>Katholische Universit\u00e4t Eichst\u00e4tt-Ingolstadt<\/td><\/tr><tr><td>Prof. dr hab. <strong>Zbigniew FORMELA<\/strong><\/td><td>Universitas Pontificia Salesiana, Rzym.<\/td><\/tr><tr><td>prof. dr hab. <strong>Anna FIDELUS<\/strong><\/td><td>Uniwersytet Kardyna\u0142a Stefana Wyszy\u0144skiego<\/td><\/tr><tr><td>prof. zw. dr hab. <strong>Zbigniew KWIECI\u0143SKI<\/strong><\/td><td>Uniwersytet Miko\u0142aja Kopernika w Toruniu<\/td><\/tr><tr><td>prof. zw. dr hab. <strong>Aleksander NALASKOWSKI<\/strong><\/td><td>Uniwersytet Miko\u0142aja Kopernika w Toruniu<\/td><\/tr><tr><td>prof. zw. dr hab. <strong>Ewa JAROSZ<\/strong><\/td><td>Uniwersytet \u015al\u0105ski w Katowicach<\/td><\/tr><tr><td>prof. zw. dr hab.<strong> Wies\u0142aw THEISS<\/strong><\/td><td>Uniwersytet Warszawski<\/td><\/tr><tr><td>prof. zw. dr hab. <strong>Barbara SMOLI\u0143SKA-THEISS<\/strong><\/td><td>Akademia Pedagogiki Specjalnej w Warszawie<\/td><\/tr><tr><td>prof. Dr hab. <strong>Manfred CASSENS<\/strong><\/td><td>FOM Hochschule f\u00fcr Oekonomie &amp; Management, M\u00fcnchen<\/td><\/tr><tr><td>Prof. Dr Ph. <strong>Loren TOUSSAINT<\/strong><\/td><td>Luther College (USA)<\/td><\/tr><tr><td>prof. dr hab. <strong>Walentyna \u0141OZOWIECKA<\/strong><\/td><td>Ukrai\u0144ski Pa\u0144stwowy Uniwersytet im. M.P. Dragomanowa w Kijowie (Ukraina)<\/td><\/tr><tr><td>prof. DDr. <strong>Kathrin MAIER<\/strong><\/td><td>Katholische Stiftungsfachhochschule, M\u00fcnchen<\/td><\/tr><tr><td>prof. dr hab. <strong>Guglielmo MALIZIA<\/strong><\/td><td>Universitas Pontificia Salesiana, Rzym<\/td><\/tr><tr><td>prof. Dr. <strong>Gerald MANN<\/strong><\/td><td>FOM Hochschule f\u00fcr Oekonomie &amp; Management, M\u00fcnchen<\/td><\/tr><tr><td>prof. Dr <strong>Uto MEIER<\/strong><\/td><td>Katholische Universit\u00e4t Eichst\u00e4tt-Ingolstadt<\/td><\/tr><tr><td>ks. prof. dr hab. <strong>Jan NIEW\u0118G\u0141OWSKI<\/strong><\/td><td>Uniwersytet Kardyna\u0142a Stefana Wyszy\u0144skiego<\/td><\/tr><tr><td>prof. DDr. <strong>Janusz SURZYKIEWICZ<\/strong><\/td><td>Katholische Universit\u00e4t Eichst\u00e4tt-Ingolstadt<\/td><\/tr><tr><td>prof. Dr hab. <strong>Joachim THOMAS<\/strong><\/td><td>Katholische Universit\u00e4t Eichst\u00e4tt-Ingolstadt<\/td><\/tr><tr><td>prof. Dr <strong>Fritz WEIDMANN<\/strong><\/td><td>Universit\u00e4t Augsburg<\/td><\/tr><\/tbody><\/table><\/figure>\n","protected":false},"excerpt":{"rendered":"<p>ks. prof. zw. dr hab. Jaros\u0142aw MICHALSKI Uniwersytet Kardyna\u0142a Stefana Wyszy\u0144skiego Akademia Mazowiecka w P\u0142ocku Przewodnicz\u0105cy Komitetu Naukowego ks. prof. zw. dr hab. Stanis\u0142aw DZIEKO\u0143SKI Uniwersytet Kardyna\u0142a Stefana Wyszy\u0144skiego prof. zw. dr hab. Andrzej BA\u0141ANDYNOWICZ Pa\u0144stwowa Uczelnia Zawodowa im. prof. St. Tarnowskiego w Tarnobrzegu prof. Dr Ulrich BARTOSCH Katholische Universit\u00e4t Eichst\u00e4tt-Ingolstadt Prof. dr hab. Zbigniew &hellip; <\/p>\n","protected":false},"author":1,"featured_media":0,"parent":43,"menu_order":0,"comment_status":"closed","ping_status":"closed","template":"","meta":{"footnotes":""},"class_list":["post-77","page","type-page","status-publish","hentry","grid-sizer"],"_links":{"self":[{"href":"https:\/\/pokoj.uksw.edu.pl\/index.php?rest_route=\/wp\/v2\/pages\/77"}],"collection":[{"href":"https:\/\/pokoj.uksw.edu.pl\/index.php?rest_route=\/wp\/v2\/pages"}],"about":[{"href":"https:\/\/pokoj.uksw.edu.pl\/index.php?rest_route=\/wp\/v2\/types\/page"}],"author":[{"embeddable":true,"href":"https:\/\/pokoj.uksw.edu.pl\/index.php?rest_route=\/wp\/v2\/users\/1"}],"replies":[{"embeddable":true,"href":"https:\/\/pokoj.uksw.edu.pl\/index.php?rest_route=%2Fwp%2Fv2%2Fcomments&post=77"}],"version-history":[{"count":2,"href":"https:\/\/pokoj.uksw.edu.pl\/index.php?rest_route=\/wp\/v2\/pages\/77\/revisions"}],"predecessor-version":[{"id":165,"href":"https:\/\/pokoj.uksw.edu.pl\/index.php?rest_route=\/wp\/v2\/pages\/77\/revisions\/165"}],"up":[{"embeddable":true,"href":"https:\/\/pokoj.uksw.edu.pl\/index.php?rest_route=\/wp\/v2\/pages\/43"}],"wp:attachment":[{"href":"https:\/\/pokoj.uksw.edu.pl\/index.php?rest_route=%2Fwp%2Fv2%2Fmedia&parent=77"}],"curies":[{"name":"wp","href":"https:\/\/api.w.org\/{rel}","templated":true}]}}